25?
5
What is the tens digit of 1192?
9
What is the units digit of 2663?
3
What is the hundreds digit of 1841?
8
What is the thousands digit of 3186?
3
What is the thousands digit of 31103?
1
What is the units digit of 3911?
1
What is the thousands digit of 13327?
3
What is the units digit of 17229?
9
What is the tens digit of 769?
6
What is the hundreds digit of 108804?
8
What is the tens digit of 71774?
7
What is the units digit of 80816?
6
What is the hundreds digit of 3112?
1
What is the thousands digit of 39711?
9
What is the units digit of 22943?
3
What is the tens digit of 562?
6
What is the thousands digit of 6405?
6
What is the thousands digit of 4252?
4
What is the thousands digit of 7116?
7
What is the tens digit of 2613?
1
What is the hundreds digit of 2572?
5
What is the hundreds digit of 813?
8
What is the thousands digit of 55483?
5
What is the hundreds digit of 1893?
8
What is the tens digit of 69?
6
What is the units digit of 63602?
2
What is the hundreds digit of 65701?
7
What is the thousands digit of 77323?
7
What is the tens digit of 3159?
5
What is the tens digit of 25538?
3
What is the units digit of 1293?
3
What is the tens digit of 656?
5
What is the tens digit of 2919?
1
What is the ten thousands digit of 40175?
4
What is the tens digit of 8026?
2
What is the tens digit of 778?
7
What is the units digit of 8672?
2
What is the hundreds digit of 1405?
4
What is the hundreds digit of 444?
4
What is the hundreds digit of 2902?
9
What is the tens digit of 590?
9
What is the tens digit of 148121?
2
What is the units digit of 90234?
4
What is the units digit of 2384?
4
What is the thousands digit of 76886?
6
What is the hundreds digit of 868?
8
What is the tens digit of 103?
0
What is the tens digit of 6217?
1
What is the thousands digit of 3514?
3
What is the units digit of 918?
8
What is the units digit of 977?
7
What is the tens digit of 436?
3
What is the hundreds digit of 40081?
0
What is the tens digit of 101311?
1
What is the ten thousands digit of 61595?
6
What is the hundreds digit of 268?
2
What is the thousands digit of 1912?
1
What is the thousands digit of 15082?
5
What is the tens digit of 7424?
2
What is the hundreds digit of 4260?
2
What is the thousands digit of 2749?
2
What is the units digit of 1813?
3
What is the units digit of 22158?
8
What is the hundreds digit of 110260?
2
What is the units digit of 43847?
7
What is the ten thousands digit of 23803?
2
What is the ten thousands digit of 29048?
2
What is the units digit of 2709?
9
What is the hundreds digit of 112931?
9
What is the thousands digit of 25802?
5
What is the hundreds digit of 199?
1
What is the ten thousands digit of 23733?
2
What is the hundreds digit of 65778?
7
What is the thousands digit of 1211?
1
What is the ten thousands digit of 16035?
1
What is the thousands digit of 33591?
3
What is the tens digit of 4486?
8
What is the tens digit of 40579?
7
What is the units digit of 3729?
9
What is the hundreds digit of 17431?
4
What is the thousands digit of 12771?
2
What is the ten thousands digit of 14465?
1
What is the units digit of 977?
7
What is the hundreds digit of 77053?
0
What is the units digit of 1806?
6
What is the tens digit of 94603?
0
What is the tens digit of 1065?
6
What is the hundred thousands digit of 148947?
1
What is the tens digit of 152?
5
What is the units digit of 22406?
6
What is the units digit of 710?
0
What is the hundreds digit of 707?
7
What is the units digit of 6845?
5
What is the tens digit of 569?
6
What is the hundreds digit of 727?
7
What is the thousands digit of 2595?
2
What is the thousands digit of 11264?
1
What is the tens digit of 305?
0
What is the ten thousands digit of 15201?
1
What is the thousands digit of 5531?
5
What is the tens digit of 10868?
6
What is the units digit of 1500?
0
What is the units digit of 39?
9
What is the units digit of 900?
0
What is the tens digit of 244?
4
What is the units digit of 180?
0
What is the units digit of 58466?
6
What is the thousands digit of 163073?
3
What is the thousands digit of 6374?
6
What is the thousands digit of 3546?
3
What is the units digit of 857?
7
What is the units digit of 1189?
9
What is the hundreds digit of 15487?
4
What is the units digit of 72?
2
What is the thousands digit of 7800?
7
What is the thousands digit of 71295?
1
What is the thousands digit of 1188?
1
What is the tens digit of 55252?
5
What is the tens digit of 876?
7
What is the units digit of 7434?
4
What is the tens digit of 10471?
7
What is the units digit of 16034?
4
What is the tens digit of 23990?
9
What is the tens digit of 8903?
0
What is the tens digit of 585?
8
What is the hundreds digit of 5599?
5
What is the thousands digit of 1399?
1
What is the hundreds digit of 24373?
3
What is the units digit of 3787?
7
What is the hundreds digit of 57088?
0
What is the hundreds digit of 536?
5
What is the hundreds digit of 1439?
4
What is the thousands digit of 2357?
2
What is the units digit of 104362?
2
What is the tens digit of 924?
2
What is the units digit of 13207?
7
What is the units digit of 340?
0
What is the units digit of 4?
4
What is the tens digit of 137237?
3
What is the hundreds digit of 6823?
8
What is the tens digit of 25972?
7
What is the hundreds digit of 4795?
7
What is the units digit of 209573?
3
What is the hundreds digit of 956?
9
What is the units digit of 67527?
7
What is the tens digit of 41639?
3
What is the units digit of 9437?
7
What is the units digit of 372?
2
What is the tens digit of 1116?
1
What is the ten thousands digit of 97252?
9
What is the units digit of 2964?
4
What is the thousands digit of 6724?
6
What is the hundreds digit of 1716?
7
What is the hundreds digit of 36392?
3
What is the ten thousands digit of 14921?
1
What is the tens digit of 1433?
3
What is the tens digit of 1510?
1
What is the units digit of 17830?
0
What is the thousands digit of 16458?
6
What is the tens digit of 874?
7
What is the tens digit of 43268?
6
What is the ten thousands digit of 19425?
1
What is the tens digit of 86502?
0
What is the thousands digit of 14784?
4
What is the units digit of 1889?
9
What is the hundreds digit of 434?
4
What is the thousands digit of 12110?
2
What is the thousands digit of 15610?
5
What is the tens digit of 779?
7
What is the hundreds digit of 4337?
3
What is the units digit of 11896?
6
What is the hundreds digit of 1236?
2
What is the ten thousands digit of 12488?
1
What is the thousands digit of 1915?
1
What is the thousands digit of 4908?
4
What is the tens digit of 138685?
8
What is the hundreds digit of 5855?
8
What is the ten thousands digit of 57596?
5
What is the ten thousands digit of 21717?
2
What is the tens digit of 59385?
8
What is the thousands digit of 79714?
9
What is the units digit of 31054?
4
What is the hundreds digit of 2228?
2
What is the hundreds digit of 16362?
3
What is the units digit of 22416?
6
What is the tens digit of 1040?
4
What is the units digit of 1879?
9
What is the units digit of 57291?
1
What is the tens digit of 14654?
5
What is the hundreds digit of 3018?
0
What is the hundreds digit of 253?
2
What is the hundreds digit of 953?
9
What is the thousands digit of 10206?
0
What is the hundreds digit of 5078?
0
What is the units digit of 7428?
8
What is the tens digit of 4025?
2
What is the hundreds digit of 17562?
5
What is the tens digit of 12568?
6
What is the tens digit of 98128?
2
What is the units digit of 48626?
6
What is the hundreds digit of 58181?
1
What is the hundreds digit of 13232?
2
What is the tens digit of 2985?
8
What is the tens digit of 4650?
5
What is the tens digit of 20805?
0
What is the hundreds digit of 9262?
2
What is the tens digit of 2784?
8
What is the units digit of 156169?
9
What is the tens digit of 2185?
8
What is the tens digit of 416?
1
What is the hundreds digit of 1165?
1
What is the tens digit of 104?
0
What is the hundreds digit of 1784?
7
What is the tens digit of 295?
9
What is the tens digit of 673?
7
What is the tens digit of 955?
5
What is the thousands digit of 4821?
4
What is the tens digit of 493?
9
What is the units digit of 224?
4
What is the tens digit of 15940?
4
What is the units digit of 9069?
9
What is the units digit of 1329?
9
Wha